base 2) to base 11
a87157
Convert 1295b5 (base 14) to base 7.
5305215
What is -1c2174 (base 15) in base 2?
-101001111011100000111
What is -4711566 (base 8) in base 14?
-255782
What is 32074 (base 8) in base 3?
200100021
83849 (base 13) to base 10
236492
What is -44549 (base 10) in base 11?
-3051a
What is -312441532 (base 6) in base 4?
-110302101200
Convert 4744 (base 15) to base 13.
6b77
-236 (base 14) to base 12
-308
42423303 (base 5) to base 6
11401105
108b8 (base 14) to base 10
40146
Convert 12273b4 (base 14) to base 15.
b6d565
Convert 10edcc4 (base 15) to base 10.
12146134
Convert -49924 (base 10) to base 2.
-1100001100000100
Convert -50032 (base 10) to base 16.
-c370
Convert -2bed27 (base 15) to base 7.
-24032530
-ad46 (base 15) to base 14
-d565
Convert 2202110 (base 6) to base 3.
12112222120
Convert 461973 (base 13) to base 7.
20053446
22022031 (base 4) to base 11
292a0
-197176 (base 10) to base 15
-3d651
2606221 (base 10) to base 3
11220102001201
What is -7584643 (base 9) in base 6?
-223132233
Convert -69b84 (base 12) to base 7.
-1126660
What is 405251 (base 6) in base 4?
13320133
Convert -165566 (base 7) to base 11.
-22a61
What is 1019844 (base 11) in base 8?
6672035
What is -1153e3 (base 16) in base 3?
-2010200201210
10224401 (base 5) to base 8
250322
1ccbd (base 15) to base 9
152847
Convert 13930 (base 16) to base 13.
2a655
Convert -426e57 (base 15) to base 16.
-304078
-7737a (base 11) to base 4
-123121332
Convert 1021041405 (base 6) to base 14.
15c3993
Convert 302b2f (base 16) to base 5.
1302004113
1b3686 (base 13) to base 5
134140204
What is 1579aa (base 11) in base 13?
87555
What is -8c5 (base 16) in base 3?
-10002011
-8a1c5 (base 14) to base 7
-2564035
110011101100111010 (base 2) to base 10
211770
Convert -103230123 (base 4) to base 5.
-10040132
What is -8099926 (base 11) in base 15?
-13cc2a3
Convert 236856 (base 9) to base 5.
14032404
Convert 103303002 (base 4) to base 5.
10043330
What is -536888 (base 9) in base 6?
-10505342
What is 1526040 (base 12) in base 5?
2044011112
Convert 1564842 (base 10) to base 13.
42a356
What is -6b101 (base 15) in base 12?
-145491
-111001100100110110101000 (base 2) to base 11
-8579795
-133716 (base 9) to base 3
-11010210120
What is -4882d (base 16) in base 10?
-297005
Convert a83c4 (base 15) to base 12.
219111
-12261b8 (base 12) to base 6
-203441152
Convert 135b9 (base 16) to base 13.
2a122
What is 321130323 (base 4) in base 5?
30012243
What is 1d5d7b (base 14) in base 11?
65a657
22727 (base 15) to base 13
3ab79
-111001201200 (base 3) to base 6
-5302243
What is 27425 (base 15) in base 10?
125810
-1005413 (base 10) to base 14
-1c2593
What is -2043042341 (base 5) in base 2?
-10000010010000110110111
What is -20101222112 (base 4) in base 7?
-24304025
Convert -10210102200 (base 3) to base 9.
-123380
-1475604 (base 9) to base 13
-22825c
What is -50570 (base 8) in base 11?
-14740
Convert 102212000 (base 3) to base 4.
2013000
797523 (base 10) to base 14
16a8dd
-152341 (base 8) to base 16
-d4e1
53524163 (base 7) to base 5
2131422330
2725213 (base 9) to base 10
1493166
14b0a0 (base 15) to base 12
402266
What is 1011010001010111 (base 2) in base 13?
18024
-2cdc3 (base 15) to base 11
-9991a
What is 156125205 (base 7) in base 5?
10204034322
4346 (base 12) to base 5
214043
Convert 424221304 (base 5) to base 8.
6646032
What is -3531158 (base 9) in base 5?
-442110424
Convert 5605533 (base 8) to base 9.
2751578
1311431 (base 5) to base 2
110010100001010
What is -1102021111222 (base 3) in base 5?
-143102214
1000110100000111 (base 2) to base 8
106407
What is 112003011013 (base 4) in base 8?
26030507
What is -143023121 (base 6) in base 15?
-3d1d47
What is -3428033 (base 9) in base 4?
-13003202133
10001011011010001001010 (base 2) to base 5
2132140023
What is -1021435032 (base 6) in base 11?
-6062372
What is -147efd (base 16) in base 12?
-5493b9
What is 111101111110011000 (base 2) in base 14?
68720
What is 494065 (base 15) in base 3?
20121011022112
108072 (base 9) to base 8
176662
Convert 2176132 (base 9) to base 5.
300003332
Convert -2050561 (base 7) to base 2.
-111100011100100111
What is 211013100300 (base 4) in base 12?
3312300
Convert 1000111101011111101011 (base 2) to base 7.
25652333
36a008 (base 13) to base 11
813155
What is 12451a8 (base 14) in base 5?
4221213122
Convert 122120111 (base 5) to base 7.
4644225
-44101 (base 7) to base 12
-646a
-1310201211 (base 4) to base 5
-110233120
What is 11382a (base 13) in base 12?
178021
3221022123 (base 4) to base 3
1210112001200
-3123227 (base 10) to base 9
-5780232
-11001000011101101111 (base 2) to base 15
-113453
12322331 (base 4) to base 2
110111010111101
Convert -31add (base 15) to base 12.
-77324
11020151 (base 6) to base 14
87dbd
Convert 848360 (base 9) to base 10.
504765
What is 160037 (base 9) in base 15?
1e284
12536746 (base 8) to base 2
1010101011110111100110
Convert -556a4 (base 14) to base 9.
-345103
What is 4082981 (base 11) in base 2?
11011011111100100101100
Convert -13336 (base 8) to base 6.
-43034
Convert 540356 (base 8) to base 12.
88526
What is -25505 (base 7) in base 8?
-15157
What is -912aa4 (base 11) in base 16?
-1666b6
-11341641 (base 7) to base 10
-1001883
-43042 (base 11) to base 5
-4000403
Convert 564a9a (base 11) to base 14.
195c76
What is -4b417 (base 14) in base 16?
-2d14d
What is 229521 (base 11) in base 8?
1306727
Convert 341265 (base 8) to base 7.
660250
100011101001101000 (base 2) to base 16
23a68
-20122202120 (base 3) to base 4
-133333212
What is 10021231101 (base 4) in base 12?
4459a9
Convert -131322403 (base 5) to base 8.
-2370523
298d7 (base 16) to base 10
170199
What is 100113013303 (base 4) in base 6?
231532311
What is 196631 (base 10) in base 16?
30017
-74033560 (base 8) to base 4
-330003131300
Convert -10044380 (base 9) to base 2.
-10010010110111010011100
What is -8abd1 (base 15) in base 12?
-193551
Convert -3454635 (base 7) to base 6.
-13144400
-ad8d2 (base 16) to base 15
-e0961
What is -335350412 (base 6) in base 16?
-5db7c8
-323384 (base 9) to base 13
-6998b
c5694b (base 13) to base 14
881223
8646c1 (base 14) to base 10
4545409
Convert 1511433 (base 7) to base 8.
617550
3d33d6 (base 14) to base 6
113251320
Convert -131303332 (base 4) to base 14.
-32702
Convert 12200100020120 (base 3) to base 12.
10167b9
Convert -1241302332 (base 5) to base 11.
-1809225
What is 22004040 (base 5) in base 13?
67771
3010434 (base 6) to base 11
97293
-b182 (base 15) to base 4
-21021200
b498dc (base 14) to base 2
10111010000010100111010
58608 (base 11) to base 9
138025
Convert -2604362 (base 8) to base 7.
-6101262
-20671 (base 14) to base 9
-128125
53003533 (base 6) to base 5
343243442
What is 3212505 (base 8) in base 6?
30213301
3231222213 (base 4) to base 15
143689
What is -24203702 (base 8) in base 9?
-10883446
What is -140014444 (base 5) in base 2?
-10101011111101110110
-20100 (base 5) to base 3
-1202020
What is 220201021 (base 4) in base 15?
34291
a246a (base 11) to base 2
100100100010000000
Convert 343825 (base 11) to base 6.
15415013
5965402 (base 10) to base 16
5b065a
What is 211011221002021 (base 3) in base 11?
6722049
What is -21122102210022 (base 3) in base 12?
-143b538
What is 10a6414 (base 13) in base 8?
23434226
3a873 (base 12) to base 10
80727
What is 813547 (base 10) in base 16?
c69eb
What is 1719112 (base 11) in base 3?
12111122021020
5430363 (base 7) to base 10
662868
What is -10001000101001110001 (base 2) in base 10?
-559729
Convert -24059 (base 12) to base 13.
-19092
What is 440203200 (base 5) in base 4?
13023121023
1010100010011110010 (base 2) to base 7
2635536
What is -b45 (base 14) in base 10?
-2217
Convert -363102 (base 10) to base 15.
-728bc
What is 20200110010110 (base 3) in base 15?
4a25a6
What is 101011220102212 (base 3) in base 16?
52908e
-62a94 (base 13) to base 5
-21140241
Convert -12221102001012 (base 3) to base 14.
-5c28b9
Convert 12242643 (base 9) to base 10.
5992176
Convert 1257311 (base 8) to base 12.
14b809
What is 69411 (base 10) in base 2?
10000111100100011
What is -12453334 (base 7) in base 10?
-1139275
Convert 593782 (base 10) to base 4.
2100331312
Convert -1999 (base 11) to base 12.
-1568
Convert -1000100111000100110010 (base 2) to base 14.
-42a84a
872424 (base 9) to base 15
a419d
Convert -67057 (base 12) t